{"id":88,"date":"2014-04-01T09:35:39","date_gmt":"2014-04-01T09:35:39","guid":{"rendered":"http:\/\/www.flugsportzentrum-achental.de\/?page_id=88"},"modified":"2019-05-05T10:07:06","modified_gmt":"2019-05-05T10:07:06","slug":"start","status":"publish","type":"page","link":"https:\/\/www.flugsportzentrum-achental.de\/","title":{"rendered":"Fliegen im Achental"},"content":{"rendered":"<p>Gut hundert Jahre ist es her, dass sich Menschen den Traum vom Fliegen verwirklichen konnten. Hing fr\u00fcher das Leben der wagemutigen Piloteure von der Kenntnis oder Unkenntnis aerodynamischer und konstruktiver Zusammenh\u00e4nge ab ist der moderne Mensch vollkommen davon befreit.<\/p>\n<p>Im Linienflugzeug sitzen Piloten deren Beruf es ist sicher Passagiere oder Fracht vom Punkt A zum Punkt B zu fliegen. Unz\u00e4hlige Menschen verbringen ihre Freizeit mit dem Fliegen. Fliegen ist tats\u00e4chlich ungef\u00e4hrlicher als viele andere Arten der Fortbewegung. Damit dies so bleibt sind standardisierte Pr\u00e4fverfahren eingef\u00fchrt worden. Gesundheit, praktische Bef\u00e4higung, rechtliches, technisches und meteorolgisches Wissen werden \u00fcberpr\u00fcft bzw. gelehrt.<\/p>\n<p>Seit vielen Jahren hat sich im Achental s\u00fcdlich des Chiemsees gelegen, eine flugbegeisterte Szene entwickelt. Dabei steht das lautlose Fliegen nur mit den Kr\u00e4ften der Natur im Vordergrund.<br \/>\nSegelfliegen, Gleitschirmfliegen, Drachenfliegen und Modellfliegen werden im Achental ausgiebig betrieben und geschult. Die umliegenden Chiemgauer Berge gelten als Ausgangspunkt f\u00fcr viele wunderbare Flugerlebnisse.<\/p>\n<p>Trotz der Gemeinsamkeit sich in der Luft zu bewegen sind Unterschiede sowohl vom pers\u00f6nlichen Einsatz, als auch vom finanziellen Einsatz her vorhanden. Hier muss jeder seine individuellen M\u00f6glichkeiten \u00fcberpr\u00fcfen, bevor er in eine der Flugsportarten einsteigt.<\/p>\n<p>Welche der Flugsportarten f\u00fcr Interessierte in Frage kommt, kann man auf den einzelnen Seiten nachlesen. Alle Flugschulen bieten die M\u00f6glichkeit kosteng\u00fcnstig einen Schnupperflug\/-kurs oder -tag zu absolvieren.<\/p>\n","protected":false},"excerpt":{"rendered":"<p>Gut hundert Jahre ist es her, dass sich Menschen den Traum vom Fliegen verwirklichen konnten. Hing fr\u00fcher das Leben der wagemutigen Piloteure von der Kenntnis oder Unkenntnis aerodynamischer und konstruktiver Zusammenh\u00e4nge ab ist der moderne Mensch vollkommen davon befreit. Im &hellip; <a class=\"more-link\" href=\"https:\/\/www.flugsportzentrum-achental.de\/\">weiterlesen<span class=\"meta-nav\"><\/span><\/a><\/p>\n","protected":false},"author":1,"featured_media":0,"parent":0,"menu_order":0,"comment_status":"closed","ping_status":"open","template":"","meta":[],"_links":{"self":[{"href":"https:\/\/www.flugsportzentrum-achental.de\/index.php?rest_route=\/wp\/v2\/pages\/88"}],"collection":[{"href":"https:\/\/www.flugsportzentrum-achental.de\/index.php?rest_route=\/wp\/v2\/pages"}],"about":[{"href":"https:\/\/www.flugsportzentrum-achental.de\/index.php?rest_route=\/wp\/v2\/types\/page"}],"author":[{"embeddable":true,"href":"https:\/\/www.flugsportzentrum-achental.de\/index.php?rest_route=\/wp\/v2\/users\/1"}],"replies":[{"embeddable":true,"href":"https:\/\/www.flugsportzentrum-achental.de\/index.php?rest_route=%2Fwp%2Fv2%2Fcomments&post=88"}],"version-history":[{"count":7,"href":"https:\/\/www.flugsportzentrum-achental.de\/index.php?rest_route=\/wp\/v2\/pages\/88\/revisions"}],"predecessor-version":[{"id":120,"href":"https:\/\/www.flugsportzentrum-achental.de\/index.php?rest_route=\/wp\/v2\/pages\/88\/revisions\/120"}],"wp:attachment":[{"href":"https:\/\/www.flugsportzentrum-achental.de\/index.php?rest_route=%2Fwp%2Fv2%2Fmedia&parent=88"}],"curies":[{"name":"wp","href":"https:\/\/api.w.org\/{rel}","templated":true}]}}